{"id":2,"date":"2023-02-13T14:02:19","date_gmt":"2023-02-13T11:02:19","guid":{"rendered":"https:\/\/davuldoktoru.com\/?page_id=2"},"modified":"2025-10-17T15:10:01","modified_gmt":"2025-10-17T12:10:01","slug":"davul-doktoru","status":"publish","type":"page","link":"https:\/\/davuldoktoru.com\/","title":{"rendered":"Davul Doktoru"},"content":{"rendered":"<div class=\"brz brz-root__container brz-reset-all brz-root__container-page\" >\n<section id=\"wmmzacehayavnigmcqmlmcciustyrlccfssa_wmmzacehayavnigmcqmlmcciustyrlccfssa\" class=\"brz-section brz-css-1a3907i brz-css-1y0lxgf\">\n<div class=\"brz-section__content brz-section--boxed brz-css-e1t5xn brz-css-1y59365\" data-brz-custom-id=\"uhmrncqbvevukjldqmbrvpiqkkbfmmmjtmzl\">\n<div class=\"brz-container brz-css-11ayuba brz-css-13lwc51\">\n<div id=\"\" class=\"brz-css-1cozqso brz-css-scb4oh brz-wrapper\">\n<div class=\"brz-image brz-css-y18hxr brz-css-17dy0pm\" data-brz-custom-id=\"hxotejwqfsvnqzundvwauodevdisbxoysjeu\"><a class=\"brz-a\" href=\"davuldoktoru.com\" target=\"_self\" rel=\"noopener\" data-brz-link-type=\"external\"><picture class=\"brz-picture brz-d-block brz-p-relative brz-css-ohi1qm brz-css-cl6mkh\"><source srcset=\"https:\/\/davuldoktoru.com\/wp-content\/uploads\/brizy\/imgs\/davuldoktoru-logo-v2-2-278x278x0x35x278x209x1676297925.png 1x, https:\/\/davuldoktoru.com\/wp-content\/uploads\/brizy\/imgs\/davuldoktoru-logo-v2-2-556x556x0x70x556x418x1676297925.png 2x\" media=\"(min-width: 992px)\"><source srcset=\"https:\/\/davuldoktoru.com\/wp-content\/uploads\/brizy\/imgs\/davuldoktoru-logo-v2-2-183x183x0x23x183x137x1676297925.png 1x, https:\/\/davuldoktoru.com\/wp-content\/uploads\/brizy\/imgs\/davuldoktoru-logo-v2-2-366x366x0x46x366x274x1676297925.png 2x\" media=\"(min-width: 768px)\"><img decoding=\"async\" class=\"brz-img\" srcset=\"https:\/\/davuldoktoru.com\/wp-content\/uploads\/brizy\/imgs\/davuldoktoru-logo-v2-2-181x181x0x23x181x135x1676297925.png 1x, https:\/\/davuldoktoru.com\/wp-content\/uploads\/brizy\/imgs\/davuldoktoru-logo-v2-2-362x362x0x46x362x270x1676297925.png 2x\" src=\"https:\/\/davuldoktoru.com\/wp-content\/uploads\/brizy\/imgs\/davuldoktoru-logo-v2-2-278x278x0x35x278x209x1676297925.png\" loading=\"lazy\" alt=\"davul-doktoru-logo\" title=\"davuldoktoru-logo\" draggable=\"false\"><\/picture><\/a><\/div>\n<\/div>\n<div id=\"\" class=\"brz-css-1cozqso brz-css-u6xj87 brz-wrapper\">\n<div class=\"brz-rich-text brz-rich-text__custom brz-css-1h842lz brz-css-37ltla\" data-brz-custom-id=\"kgawmbslbppdwywwsiykniinggkgnhhlhovc\">\n<div data-brz-translate-text=\"1\">\n<p class=\"brz-text-lg-center brz-mt-lg-0 brz-bcp-color7 brz-tp-lg-paragraph brz-css-brzRE\" data-generated-css=\"brz-css-vAbQj\" data-uniq-id=\"tYyno\"><span class=\"brz-cp-color7\">Doktorun elinden se\u00e7ilmi\u015f, restore edilmi\u015f trampetler ve davullar <\/span><\/p>\n<p class=\"brz-text-lg-center brz-mt-lg-0 brz-bcp-color7 brz-tp-lg-paragraph brz-css-n0Fso\" data-generated-css=\"brz-css-zUC0x\" data-uniq-id=\"wAkE1\"><span class=\"brz-cp-color7\"> <\/span><\/p>\n<p class=\"brz-text-lg-center brz-mt-lg-0 brz-bcp-color7 brz-tp-lg-paragraph brz-css-kaoln\" data-generated-css=\"brz-css-bvEJ2\" data-uniq-id=\"dzKat\"><strong style=\"color: rgb(43, 43, 43);\">Hizmetlerimiz:<\/strong><span class=\"brz-cp-color7\"> <\/span><\/p>\n<p class=\"brz-text-lg-center brz-mt-lg-0 brz-bcp-color7 brz-tp-lg-paragraph brz-css-cZgvz\" data-generated-css=\"brz-css-mnabt\" data-uniq-id=\"h7FcA\"><span class=\"brz-cp-color7\">\u2022 Bak\u0131m<\/span><\/p>\n<p class=\"brz-text-lg-center brz-mt-lg-0 brz-bcp-color7 brz-tp-lg-paragraph brz-css-i5kEH\" data-generated-css=\"brz-css-omT_v\" data-uniq-id=\"e0XqG\"><span class=\"brz-cp-color7\" style=\"color: rgb(102, 102, 102);\">\u2022 <\/span><span class=\"brz-cp-color7\">Tamir<\/span><\/p>\n<p class=\"brz-text-lg-center brz-mt-lg-0 brz-bcp-color7 brz-tp-lg-paragraph brz-css-nTng2\" data-generated-css=\"brz-css-nr9fm\" data-uniq-id=\"k2lqc\"><span class=\"brz-cp-color7\">\u2022 Modifikasyon<\/span><\/p>\n<p class=\"brz-text-lg-center brz-mt-lg-0 brz-bcp-color7 brz-tp-lg-paragraph brz-css-u_NMU\" data-generated-css=\"brz-css-qWwmD\" data-uniq-id=\"frI8X\"><span class=\"brz-cp-color7\">\u2022 Restorasyon<\/span><\/p>\n<p class=\"brz-text-lg-center brz-mt-lg-0 brz-bcp-color7 brz-tp-lg-paragraph brz-css-yfWo8\" data-generated-css=\"brz-css-uAsoE\" data-uniq-id=\"r8XAb\"><span class=\"brz-cp-color7\">\u2022 Kiralama<\/span><\/p>\n<p class=\"brz-text-lg-center brz-mt-lg-0 brz-bcp-color7 brz-tp-lg-paragraph brz-css-rJTPW\" data-generated-css=\"brz-css-oiM6A\" data-uniq-id=\"sEz6P\"><span class=\"brz-cp-color7\" style=\"color: rgb(102, 102, 102);\">\u2022 Tonlama<\/span><span class=\"brz-cp-color7\"> <\/span><\/p>\n<p class=\"brz-text-lg-center brz-mt-lg-0 brz-bcp-color7 brz-tp-lg-paragraph brz-css-we76i\" data-generated-css=\"brz-css-knKOO\" data-uniq-id=\"m3e4t\"><span class=\"brz-cp-color7\">\u2022 Drum Tech<\/span><\/p>\n<p class=\"brz-text-lg-center brz-mt-lg-0 brz-bcp-color7 brz-tp-lg-paragraph brz-css-omMPD\" data-generated-css=\"brz-css-l7_Mp\" data-uniq-id=\"iUFyu\"><span class=\"brz-cp-color7\"> <\/span><\/p>\n<p class=\"brz-text-lg-center brz-mt-lg-0 brz-bcp-color7 brz-tp-lg-paragraph brz-css-s6e_3\" data-generated-css=\"brz-css-r_hlB\" data-uniq-id=\"qFEg1\"><span class=\"brz-cp-color7\">Sa\u011fl\u0131kl\u0131 Davullar! <\/span><\/p>\n<\/div>\n<\/div>\n<\/div>\n<\/div>\n<\/div>\n<\/section>\n<section id=\"zcefqknwqipgxkrwxxbfshsmytanghnmfnsc_zcefqknwqipgxkrwxxbfshsmytanghnmfnsc\" class=\"brz-section brz-css-waygfe brz-css-pxuhvo\">\n<div class=\"brz-section__content brz-section--boxed brz-css-jp6zqx brz-css-5utkss\" data-brz-custom-id=\"mokamwwszykiiimvictbslnjdfoukbqdqzre\">\n<div class=\"brz-container brz-css-1q2pob2 brz-css-d3g8x9\">\n<div class=\"brz-wrapper-clone brz-flex-xs-wrap brz-css-16h2lzz brz-css-lm2h26\" data-brz-custom-id=\"zhicklaimfviewvqnipkuhusdidlgqkpyuif\">\n<div class=\"brz-icon__container\" data-brz-custom-id=\"scnlwmnowiilwgecewrbqdmyksaicqvvlvsx\"><a class=\"brz-a\" href=\"https:\/\/www.instagram.com\/davuldoktoru\/\" target=\"_blank\" rel=\"noopener noreferrer\" data-brz-link-type=\"external\"><span class=\"brz-icon brz-span brz-css-1ee54nt brz-css-qw5zz1\"><svg class=\"brz-icon-svg align-[initial]\"><use href=\"\/wp-content\/plugins\/brizy\/public\/editor-build\/prod\/editor\/icons\/fa\/instagram.svg#fa_icon\"><\/use><\/svg><\/span><\/a><\/div>\n<\/div>\n<div id=\"\" class=\"brz-css-u13z4y brz-css-13394q8 brz-wrapper\">\n<div class=\"brz-rich-text brz-rich-text__custom brz-css-14wee0g brz-css-1fq8vwy\" data-brz-custom-id=\"blcasptwmvtpuujcuarooanbndzihwfmnsba\">\n<div data-brz-translate-text=\"1\">\n<p class=\"brz-lh-lg-1_9 brz-ls-lg-0 brz-fw-lg-400 brz-fss-lg-px brz-text-lg-center brz-tp-lg-empty brz-ff-overpass brz-ft-google brz-fs-lg-14 brz-css-sjXZE\" data-uniq-id=\"ztpje\" data-generated-css=\"brz-css-ugozp\"><span class=\"brz-cp-color7\">Davul Doktoru \u00a9 2023<\/span><\/p>\n<\/div>\n<\/div>\n<\/div>\n<\/div>\n<\/div>\n<\/section><\/div>\n<p><!-- version:1760703001 --><\/p>\n","protected":false},"excerpt":{"rendered":"<p>Doktorun elinden se\u00e7ilmi\u015f, restore edilmi\u015f trampetler ve davullar Hizmetlerimiz: \u2022 Bak\u0131m \u2022 Tamir \u2022 Modifikasyon \u2022 Restorasyon \u2022 Kiralama \u2022 Tonlama \u2022 Drum Tech Sa\u011fl\u0131kl\u0131 Davullar! Davul Doktoru \u00a9 2023<\/p>\n","protected":false},"author":1,"featured_media":0,"parent":0,"menu_order":0,"comment_status":"closed","ping_status":"closed","template":"brizy-blank-template.php","meta":{"footnotes":""},"class_list":["post-2","page","type-page","status-publish","hentry"],"yoast_head":"<!-- This site is optimized with the Yoast SEO plugin v26.1.1 - https:\/\/yoast.com\/wordpress\/plugins\/seo\/ -->\n<title>Davul Doktoru<\/title>\n<meta name=\"description\" content=\"Doktorun elinden se\u00e7ilmi\u015f, restore edilmi\u015f trampetler ve davullar - Bak\u0131m \u2022 Tamir \u2022 Modifikasyon \u2022 Restorasyon \u2022 Tonlama \u2022 Kiralama \u2022 Drum Tech\" \/>\n<meta name=\"robots\" content=\"index, follow, max-snippet:-1, max-image-preview:large, max-video-preview:-1\" \/>\n<link rel=\"canonical\" href=\"https:\/\/davuldoktoru.com\/\" \/>\n<meta property=\"og:locale\" content=\"en_US\" \/>\n<meta property=\"og:type\" content=\"article\" \/>\n<meta property=\"og:title\" content=\"Davul Doktoru\" \/>\n<meta property=\"og:description\" content=\"Doktorun elinden se\u00e7ilmi\u015f, restore edilmi\u015f trampetler ve davullar\" \/>\n<meta property=\"og:url\" content=\"https:\/\/davuldoktoru.com\/\" \/>\n<meta property=\"og:site_name\" content=\"Davul Doktoru\" \/>\n<meta property=\"article:modified_time\" content=\"2025-10-17T12:10:01+00:00\" \/>\n<meta property=\"og:image\" content=\"https:\/\/davuldoktoru.com\/wp-content\/uploads\/2023\/02\/davuldoktoru-logo-v2-2.png\" \/>\n\t<meta property=\"og:image:width\" content=\"1000\" \/>\n\t<meta property=\"og:image:height\" content=\"1000\" \/>\n\t<meta property=\"og:image:type\" content=\"image\/png\" \/>\n<meta name=\"twitter:card\" content=\"summary_large_image\" \/>\n<meta name=\"twitter:title\" content=\"Davul Doktoru\" \/>\n<meta name=\"twitter:description\" content=\"Doktorun elinden se\u00e7ilmi\u015f, restore edilmi\u015f trampetler ve davullar\" \/>\n<meta name=\"twitter:image\" content=\"https:\/\/davuldoktoru.com\/wp-content\/uploads\/2023\/02\/davuldoktoru-logo-v2-2.png\" \/>\n<meta name=\"twitter:label1\" content=\"Est. reading time\" \/>\n\t<meta name=\"twitter:data1\" content=\"1 minute\" \/>\n<script type=\"application\/ld+json\" class=\"yoast-schema-graph\">{\"@context\":\"https:\/\/schema.org\",\"@graph\":[{\"@type\":\"WebPage\",\"@id\":\"https:\/\/davuldoktoru.com\/\",\"url\":\"https:\/\/davuldoktoru.com\/\",\"name\":\"Davul Doktoru\",\"isPartOf\":{\"@id\":\"https:\/\/davuldoktoru.com\/#website\"},\"primaryImageOfPage\":{\"@id\":\"https:\/\/davuldoktoru.com\/#primaryimage\"},\"image\":{\"@id\":\"https:\/\/davuldoktoru.com\/#primaryimage\"},\"thumbnailUrl\":\"https:\/\/davuldoktoru.com\/wp-content\/uploads\/brizy\/imgs\/davuldoktoru-logo-v2-2-278x278x0x35x278x209x1676297925.png\",\"datePublished\":\"2023-02-13T11:02:19+00:00\",\"dateModified\":\"2025-10-17T12:10:01+00:00\",\"description\":\"Doktorun elinden se\u00e7ilmi\u015f, restore edilmi\u015f trampetler ve davullar - Bak\u0131m \u2022 Tamir \u2022 Modifikasyon \u2022 Restorasyon \u2022 Tonlama \u2022 Kiralama \u2022 Drum Tech\",\"breadcrumb\":{\"@id\":\"https:\/\/davuldoktoru.com\/#breadcrumb\"},\"inLanguage\":\"en-US\",\"potentialAction\":[{\"@type\":\"ReadAction\",\"target\":[\"https:\/\/davuldoktoru.com\/\"]}]},{\"@type\":\"ImageObject\",\"inLanguage\":\"en-US\",\"@id\":\"https:\/\/davuldoktoru.com\/#primaryimage\",\"url\":\"https:\/\/davuldoktoru.com\/wp-content\/uploads\/brizy\/imgs\/davuldoktoru-logo-v2-2-278x278x0x35x278x209x1676297925.png\",\"contentUrl\":\"https:\/\/davuldoktoru.com\/wp-content\/uploads\/brizy\/imgs\/davuldoktoru-logo-v2-2-278x278x0x35x278x209x1676297925.png\"},{\"@type\":\"BreadcrumbList\",\"@id\":\"https:\/\/davuldoktoru.com\/#breadcrumb\",\"itemListElement\":[{\"@type\":\"ListItem\",\"position\":1,\"name\":\"Home\",\"item\":\"https:\/\/davuldoktoru.com\/\"},{\"@type\":\"ListItem\",\"position\":2,\"name\":\"Davul Doktoru\"}]},{\"@type\":\"WebSite\",\"@id\":\"https:\/\/davuldoktoru.com\/#website\",\"url\":\"https:\/\/davuldoktoru.com\/\",\"name\":\"Davul Doktoru\",\"description\":\"Doktorun elinden se\u00e7ilmi\u015f, restore edilmi\u015f trampetler ve davullar\",\"publisher\":{\"@id\":\"https:\/\/davuldoktoru.com\/#organization\"},\"potentialAction\":[{\"@type\":\"SearchAction\",\"target\":{\"@type\":\"EntryPoint\",\"urlTemplate\":\"https:\/\/davuldoktoru.com\/?s={search_term_string}\"},\"query-input\":{\"@type\":\"PropertyValueSpecification\",\"valueRequired\":true,\"valueName\":\"search_term_string\"}}],\"inLanguage\":\"en-US\"},{\"@type\":\"Organization\",\"@id\":\"https:\/\/davuldoktoru.com\/#organization\",\"name\":\"Davul Doktoru\",\"url\":\"https:\/\/davuldoktoru.com\/\",\"logo\":{\"@type\":\"ImageObject\",\"inLanguage\":\"en-US\",\"@id\":\"https:\/\/davuldoktoru.com\/#\/schema\/logo\/image\/\",\"url\":\"https:\/\/davuldoktoru.com\/wp-content\/uploads\/2023\/02\/davuldoktoru-logo-v2-2.png\",\"contentUrl\":\"https:\/\/davuldoktoru.com\/wp-content\/uploads\/2023\/02\/davuldoktoru-logo-v2-2.png\",\"width\":1000,\"height\":1000,\"caption\":\"Davul Doktoru\"},\"image\":{\"@id\":\"https:\/\/davuldoktoru.com\/#\/schema\/logo\/image\/\"},\"sameAs\":[\"https:\/\/www.instagram.com\/davuldoktoru\/\"]}]}<\/script>\n<!-- \/ Yoast SEO plugin. -->","yoast_head_json":{"title":"Davul Doktoru","description":"Doktorun elinden se\u00e7ilmi\u015f, restore edilmi\u015f trampetler ve davullar - Bak\u0131m \u2022 Tamir \u2022 Modifikasyon \u2022 Restorasyon \u2022 Tonlama \u2022 Kiralama \u2022 Drum Tech","robots":{"index":"index","follow":"follow","max-snippet":"max-snippet:-1","max-image-preview":"max-image-preview:large","max-video-preview":"max-video-preview:-1"},"canonical":"https:\/\/davuldoktoru.com\/","og_locale":"en_US","og_type":"article","og_title":"Davul Doktoru","og_description":"Doktorun elinden se\u00e7ilmi\u015f, restore edilmi\u015f trampetler ve davullar","og_url":"https:\/\/davuldoktoru.com\/","og_site_name":"Davul Doktoru","article_modified_time":"2025-10-17T12:10:01+00:00","og_image":[{"width":1000,"height":1000,"url":"https:\/\/davuldoktoru.com\/wp-content\/uploads\/2023\/02\/davuldoktoru-logo-v2-2.png","type":"image\/png"}],"twitter_card":"summary_large_image","twitter_title":"Davul Doktoru","twitter_description":"Doktorun elinden se\u00e7ilmi\u015f, restore edilmi\u015f trampetler ve davullar","twitter_image":"https:\/\/davuldoktoru.com\/wp-content\/uploads\/2023\/02\/davuldoktoru-logo-v2-2.png","twitter_misc":{"Est. reading time":"1 minute"},"schema":{"@context":"https:\/\/schema.org","@graph":[{"@type":"WebPage","@id":"https:\/\/davuldoktoru.com\/","url":"https:\/\/davuldoktoru.com\/","name":"Davul Doktoru","isPartOf":{"@id":"https:\/\/davuldoktoru.com\/#website"},"primaryImageOfPage":{"@id":"https:\/\/davuldoktoru.com\/#primaryimage"},"image":{"@id":"https:\/\/davuldoktoru.com\/#primaryimage"},"thumbnailUrl":"https:\/\/davuldoktoru.com\/wp-content\/uploads\/brizy\/imgs\/davuldoktoru-logo-v2-2-278x278x0x35x278x209x1676297925.png","datePublished":"2023-02-13T11:02:19+00:00","dateModified":"2025-10-17T12:10:01+00:00","description":"Doktorun elinden se\u00e7ilmi\u015f, restore edilmi\u015f trampetler ve davullar - Bak\u0131m \u2022 Tamir \u2022 Modifikasyon \u2022 Restorasyon \u2022 Tonlama \u2022 Kiralama \u2022 Drum Tech","breadcrumb":{"@id":"https:\/\/davuldoktoru.com\/#breadcrumb"},"inLanguage":"en-US","potentialAction":[{"@type":"ReadAction","target":["https:\/\/davuldoktoru.com\/"]}]},{"@type":"ImageObject","inLanguage":"en-US","@id":"https:\/\/davuldoktoru.com\/#primaryimage","url":"https:\/\/davuldoktoru.com\/wp-content\/uploads\/brizy\/imgs\/davuldoktoru-logo-v2-2-278x278x0x35x278x209x1676297925.png","contentUrl":"https:\/\/davuldoktoru.com\/wp-content\/uploads\/brizy\/imgs\/davuldoktoru-logo-v2-2-278x278x0x35x278x209x1676297925.png"},{"@type":"BreadcrumbList","@id":"https:\/\/davuldoktoru.com\/#breadcrumb","itemListElement":[{"@type":"ListItem","position":1,"name":"Home","item":"https:\/\/davuldoktoru.com\/"},{"@type":"ListItem","position":2,"name":"Davul Doktoru"}]},{"@type":"WebSite","@id":"https:\/\/davuldoktoru.com\/#website","url":"https:\/\/davuldoktoru.com\/","name":"Davul Doktoru","description":"Doktorun elinden se\u00e7ilmi\u015f, restore edilmi\u015f trampetler ve davullar","publisher":{"@id":"https:\/\/davuldoktoru.com\/#organization"},"potentialAction":[{"@type":"SearchAction","target":{"@type":"EntryPoint","urlTemplate":"https:\/\/davuldoktoru.com\/?s={search_term_string}"},"query-input":{"@type":"PropertyValueSpecification","valueRequired":true,"valueName":"search_term_string"}}],"inLanguage":"en-US"},{"@type":"Organization","@id":"https:\/\/davuldoktoru.com\/#organization","name":"Davul Doktoru","url":"https:\/\/davuldoktoru.com\/","logo":{"@type":"ImageObject","inLanguage":"en-US","@id":"https:\/\/davuldoktoru.com\/#\/schema\/logo\/image\/","url":"https:\/\/davuldoktoru.com\/wp-content\/uploads\/2023\/02\/davuldoktoru-logo-v2-2.png","contentUrl":"https:\/\/davuldoktoru.com\/wp-content\/uploads\/2023\/02\/davuldoktoru-logo-v2-2.png","width":1000,"height":1000,"caption":"Davul Doktoru"},"image":{"@id":"https:\/\/davuldoktoru.com\/#\/schema\/logo\/image\/"},"sameAs":["https:\/\/www.instagram.com\/davuldoktoru\/"]}]}},"brizy_media":[{"id":9,"url":"https:\/\/davuldoktoru.com\/wp-content\/uploads\/2023\/02\/davuldoktoru-logo-v2-2.png","name":"davuldoktoru-logo-v2-2.png","meta":{"brizy_attachment_uid":"wp-b36cf21f7154f7d1edd1e921dfa7f68e.png","brizy_post_uid":["11cfba0f605462a355f14d8554a237f6"]}}],"_links":{"self":[{"href":"https:\/\/davuldoktoru.com\/index.php\/wp-json\/wp\/v2\/pages\/2","targetHints":{"allow":["GET"]}}],"collection":[{"href":"https:\/\/davuldoktoru.com\/index.php\/wp-json\/wp\/v2\/pages"}],"about":[{"href":"https:\/\/davuldoktoru.com\/index.php\/wp-json\/wp\/v2\/types\/page"}],"author":[{"embeddable":true,"href":"https:\/\/davuldoktoru.com\/index.php\/wp-json\/wp\/v2\/users\/1"}],"replies":[{"embeddable":true,"href":"https:\/\/davuldoktoru.com\/index.php\/wp-json\/wp\/v2\/comments?post=2"}],"version-history":[{"count":30,"href":"https:\/\/davuldoktoru.com\/index.php\/wp-json\/wp\/v2\/pages\/2\/revisions"}],"predecessor-version":[{"id":98,"href":"https:\/\/davuldoktoru.com\/index.php\/wp-json\/wp\/v2\/pages\/2\/revisions\/98"}],"wp:attachment":[{"href":"https:\/\/davuldoktoru.com\/index.php\/wp-json\/wp\/v2\/media?parent=2"}],"curies":[{"name":"wp","href":"https:\/\/api.w.org\/{rel}","templated":true}]}}